2*k + 180. Let j be k*(0 - 41/2). Suppose g + 0*g - 3*r - 266 = 0, 0 = -5*g - 5*r + j. Is g a composite number?
False
Suppose -2*a + 6*a - 1004 = 0. Is a composite?
False
Let j = -3501 - -8630. Is j composite?
True
Let w(a) = a. Let m be w(4). Suppose -5*x + 16 = 3*k, m*k + 7 = 2*x + 37. Suppose 5*f + 238 = k*f. Is f a composite number?
True
Let k(p) = p**3 - 3*p**2 - 3*p - 9. Let f be k(7). Suppose -f - 69 = -n. Is n composite?
True
Suppose 3*f + 0*n = -4*n + 292, f - 91 = 5*n. Let s = f + -47. Is s a prime number?
False
Let s be ((2 - 1)*2)/1. Let u be (6 - -1)*(1 - s). Let v(w) = -4*w - 9. Is v(u) composite?
False
Let j = -6 - -12. Suppose 9*o - 66 = j*o. Is o a prime number?
False
Let g(n) be the third derivative of 4*n**6/5 + n**3/6 - 3*n**2. Is g(1) prime?
True
Suppose -8*j = -3*j - 2335. Is j a prime number?
True
Is 2 + (-5)/(4/(-820) + 0) prime?
False
Let x be 27474/21 + 2/(-7). Suppose -5*d - 4*l + 1853 = 0, 5*d - 3170 = -l - x. Is d prime?
True
Suppose 5*m + 2 = -3*j - 0, 3*m + 12 = 0. Let z = 51 - 22. Suppose c + j = z. Is c a composite number?
False
Suppose -f + 3*f = 4. Let b be 2*-156*f/(-3). Suppose -4*c = 36 - b. Is c prime?
True
Is (-1 - (-5 - -3))*37 a prime number?
True
Suppose 5*j = -5*c + 6580, 2*j - 4*c = 539 + 2075. Is j composite?
True
Suppose 3*x + 753 - 2604 = 3*c, -3069 = -5*x + c. Is x a prime number?
True
Suppose 5*u + 4 + 6 = 0. Let b be 2 + u*(-198)/4. Suppose z + w = 6*z - b, 0 = z - w - 17. Is z prime?
False
Let m be (-1)/(-4) - 31/(-4). Is 110/m - 7/(-28) composite?
True
Let q(c) be the third derivative of 19*c**5/10 - c**4/12 - c**3/6 - c**2. Is q(-1) composite?
True
Let c = 1 + 1. Is -74*1*(-1)/c prime?
True
Let j(u) = 43*u**2 - 1. Let h be j(-1). Suppose 0 = -2*y + 4*y - x - 190, -3*y + 285 = -3*x. Let z = y - h. Is z composite?
False
Is 3 - 433/(-2 - 6/(-4)) composite?
True
Let p = -2 + 7. Suppose -p*m - 10 = 5*i, -4*m + m = -2*i + 16. Is (m/(-6))/((-6)/(-333)) a composite number?
False
Suppose 7 = 3*y - 2. Suppose 4*d - 3*d - y = 0. Suppose i - 140 = -d*i. Is i prime?
False
Suppose 3*s + 6 = -2*w - 0, -5*s - 10 = -w. Let k(l) = -l**2 - l + 2. Let f be k(-3). Let z = s - f. Is z prime?
True
Let f(u) = 3*u**3 + 2*u**2 - 1. Let q be f(1). Suppose -q*v = -4*g + 884, 5*g - 844 = -4*v + 261. Is g prime?
False
Let w(n) = n**2 - 6*n + 7. Let i be w(5). Suppose b - 3 = -i*b. Suppose -y + 32 = b. Is y a composite number?
False
Let o = 20 + -18. Suppose 0 = -3*y - o*y + 1115. Is y composite?
False
Suppose -7*o + 1074 + 1355 = 0. Is o a prime number?
True
Let n(v) = v**3 + 20*v**2 + 7*v + 23. Is n(-17) a composite number?
True
Let z(j) = -j**3 + 9*j**2 - 9*j + 11. Let m be z(8). Suppose -15 = m*y - 4*y. Is y a prime number?
False
Suppose 2*j - 92 = -3*s + s, -3*j + 159 = -4*s. Suppose -4*u + 4*g + 341 = j, -5*u = -g - 349. Is u prime?
False
Let s(d) = 5*d**3 - 2*d**2 + 2*d - 1. Let c be s(1). Suppose 0 = -5*y - c*z + 19, -y + 3*y - z = 5. Is 337/y + 2/3 prime?
True
Suppose 180 = v - 205. Suppose 5*c + g = v, c - 4*g = g + 77. Is c composite?
True
Let o(c) = -c + 1. Let x be o(-5). Let n be 48/(-1*x/(-8)). Suppose -3*u + 66 = -3*t, 0*u = 3*u - t - n. Is u prime?
False
Let s be 2/((-20)/(-8) + -3). Is 3 + 110 - (0 - s) a prime number?
True
Let p be 2 + 155 + 0/1. Suppose -2*m + p - 39 = 0. Is m composite?
False
Let d = 85 + -11. Is d a prime number?
False
Let x = 1045 + -524. Is x a prime number?
True
Let c = 29 - 17. Suppose -52 = -5*p - c. Suppose m + 3 = 0, 2*m - 419 = 3*s - p*s. Is s prime?
False
Let i(q) = -71*q - 22. Is i(-4) a prime number?
False
Let k = -422 + 753. Is k composite?
False
Suppose -234 = -2*c - 0*c. Suppose -4*k - 33 = -l + 4, -5*l + 3*k + c = 0. Is l prime?
False
Let u(p) = -28*p**2 + p - 6. Let k(d) = 27*d**2 - d + 7. Let s(x) = -5*k(x) - 6*u(x). Is s(2) prime?
True
Let f(t) = -2*t + 13. Let i be f(-10). Let x = i - 19. Is x composite?
True
Suppose 5*z - 4*v - 82 = 0, 50 = 2*z + 5*v + 4. Let k be ((-15)/(-9))/(1/z). Let u = -17 + k. Is u a composite number?
False
Suppose i - 3*k - 21 = -2*i, -k - 28 = -4*i. Suppose -4 = -6*h + 4*h. Suppose i*x - h*x - 1085 = 0. Is x composite?
True
Is (1/(-3))/((-3)/1647) composite?
True
Let f(u) = -u**3 + u**2 + 4*u - 3. Let q be f(2). Is (q - 3)*44/(-8) prime?
True
Let p(y) = -116*y + 27. Is p(-4) composite?
False
Is 906/14 - 32/(-112) prime?
False
Let n(r) = 168*r**2 + 1. Let o = 6 + -7. Is n(o) prime?
False
Suppose -3370 = 3*l - 5*l. Suppose l = 5*s - 0*s. Is s composite?
False
Is -6 + 1472 + 0 + -1 composite?
True
Suppose 0 = 2*f - q - 156, q + 30 = f - 49. Suppose -2*g + g + f = 0. Is g a composite number?
True
Suppose 7*d = -906 + 12365. Is d a composite number?
False
Let g = 16 - 9. Let b = g - -90. Is b a composite number?
False
Let n(f) = -f**2 - 4*f + 4. Let r be n(-4). Is 2/r + (-315)/(-6) composite?
False
Suppose -r - 18 = 4*o, o + r - 5*r = 4. Let t be 3 - 2 - (4 + -1). Is o + 2 - (t + -34) composite?
True
Let o(p) = 5*p**3 - p**2 - p - 1. Is o(2) prime?
False
Suppose -5*t - 5*u = -340, 0*u + 324 = 5*t + u. Let d be 6/((-125)/t - -2). Suppose -4*v - d = -4*z - v, -16 = -4*v. Is z prime?
False
Suppose y + 5 = -4*y. Let t = y - -1. Suppose -s + 86 - 31 = t. Is s composite?
True
Let w(i) = -98*i**3 - 3*i - 3. Is w(-2) composite?
False
Let u(y) = y**3 - y**2 - 3*y - 1. Let i be u(3). Let o = -6 + i. Suppose -112 = -o*l + 22. Is l a prime number?
True
Let d = -126 + 81. Let s = 2 - -62. Let r = s - d. Is r a prime number?
True
Suppose -8*k + 5580 = -3388. Is k prime?
False
Let k = 69 + -32. Is k composite?
False
Suppose 0*p + 340 = 2*p. Suppose 2*d = 20 + p. Is d a prime number?
False
Let z be 16/104 + 100/26. Suppose 2*g = 4*o - 0*o - 358, -o = z*g - 103. Is o prime?
False
Suppose -356 = -4*d + 3*w - w, d - w = 87. Let h(n) = 2*n - 2. Let k be h(-5). Let u = k + d. Is u a prime number?
True
Let j(w) = w**2 + 8*w + 7. Let o be j(-7). Is (-1 - o) + 7*8 prime?
False
Let q be 1016/6 - 1/3. Suppose -2*l - 2*g - 74 = -4*l, -3*g + q = 5*l. Is l composite?
True
Let c(l) = 8*l**2 + 15. Is c(6) composite?
True
Suppose -5295 = -8*p + 3*p. Let b be 16/(-56) + p/7. Suppose -n + 4*m + 81 = 0, 2*n + 0*m - b = -3*m. Is n composite?
True
Let w(i) = -i + 8. Let a = 10 - 4. Let n be w(a). Suppose n*m + 1 = 21. Is m a composite number?
True
Suppose 2*u = -5*f - 5, f - 4*u + 4 + 19 = 0. Let x be (0 - 1) + -5 + 0. Is (-2 - x) + f - -33 composite?
True
Is 28/(-70) - 6294/(-10) a prime number?
False
Suppose -3*c + 48 = -9. Is c a prime number?
True
Suppose 42 = x - 193. Is x prime?
False
Let k(c) = -c + 8. Let b(z) = 5*z - 3. Let t be b(3). Suppose 0*i + t = 2*i. Is k(i) prime?
True
Let l(c) = c**2 + 165. Let o be l(0). Suppose 3*k - o = -2*k. Suppose 9 = -4*w + k. Is w composite?
True
Let p(l) = -17*l + 2. Let q = -4 + 1. Is p(q) a composite number?
False
Let w be (-2)/(-7) + (-666)/(-21). Let n(b) = b**3 + 5*b**2 - 5*b - 4. Let u be n(-5). Is w/3 + 7/u a prime number?
True
Is 20/(-35) - 105570/(-42) a prime number?
False
Let f be 1*2 + (-1)/(-1). Suppose 227 = f*j + 4*o - 4, -4*j + 3*o = -308. Is j prime?
False
Let x = -558 - -935. Suppose 47 + x = 4*m. Is m composite?
True
Let x(y) = -y**2 + 145. Is x(0) prime?
False
Let y be ((-28)/(-8))/(3/6). Let g(n) = n**3 - 4*n**2 + 8*n. Is g(y) composite?
True
Suppose 0 = 2*r + 3*r - 155. Is r prime?
True
Suppose -a = -s + 1118, 0 = 2*s + 4*a - 9*a - 2245. Is s composite?
True
Let o be 305/(-2)*4/5. Let s = 231 + o. Is s prime?
True
Let r(t) = 2*t**2 - t - 1. Let w be r(-2). Let u = -58 + w. Is (-7)/u - (-258)/7 prime?
True
Let n = -507 - -2140. Is n a composite number?
True
Let x = 8 - 26. Let o = 21 - x. Is o composite?
True
Suppose 4*q = -0*q + 4. Suppose 7 = 3*b + q. Is 21*((-21)/(-9) - b) a prime number?
True
Let d be (24/28)/(2/14). Let c = 6 - d. Suppose 5*p - 164 - 29 = -2*o, c = 4*p - 2*o - 158. Is p a composite number?
True
Is 2645/4 - (-27)/36 composite?
True
Let k(s) = -1 - 3 + 5 + 171*s. Let i be k(1). Suppose 0*x + 5*f - i = -3*x, 4*x - 216 = -4*f. Is x a composite number?
True
Suppose o - 72 = 215. Is o a composite number?
True
Suppose 548 = 13*y - 9*y. Is (12 - 7)*1*y a prime number?
False
Suppose -2*n - 2863 = -3*d, -3*n - 1567 = -4*d + 2250. Is d a composite number?
True
Suppose 4*v - 2*v = 4. Is ((-1004)/8)/(